{"id":41,"date":"2024-09-03T13:32:52","date_gmt":"2024-09-03T13:32:52","guid":{"rendered":"https:\/\/www.nzzg.com.pl\/index.php\/galeria\/"},"modified":"2025-06-05T08:35:06","modified_gmt":"2025-06-05T08:35:06","slug":"galeria","status":"publish","type":"page","link":"https:\/\/www.nzzg.com.pl\/index.php\/galeria\/","title":{"rendered":"GALERIA"},"content":{"rendered":"\n    \n    <section class=\"u-clearfix u-custom-color-1 u-section-2\" id=\"sec-7b93\">\n      <div class=\"u-container-align-center u-container-style u-expanded-width-lg u-expanded-width-xl u-group u-image u-shading lazyload u-image-1\" data-image-width=\"1140\" data-image-height=\"574\" data-bg=\"linear-gradient(0deg, rgba(0,0,0,0.15), rgba(0,0,0,0.15)), url('https:\/\/www.nzzg.com.pl\/wp-content\/uploads\/2024\/09\/14.jpg')\">\n        <div class=\"u-container-layout u-valign-top-lg u-valign-top-md u-valign-top-sm u-valign-top-xl u-container-layout-1\">\n          <h1 class=\"u-align-center u-text u-text-body-alt-color u-text-default u-text-1\" data-animation-name=\"customAnimationIn\" data-animation-duration=\"1500\">GALERIA<span style=\"font-weight: 700;\"><\/span>\n          <\/h1>\n        <\/div>\n      <\/div>\n      <div class=\"u-list u-list-1\">\n        <div class=\"u-repeater u-repeater-1\">\n          <div class=\"u-border-1 u-border-grey-75 u-container-style u-custom-color-2 u-list-item u-repeater-item u-shape-rectangle u-video-cover u-list-item-1\" data-animation-name=\"customAnimationIn\" data-animation-duration=\"1500\">\n            <div class=\"u-container-layout u-similar-container u-container-layout-2\">\n              <img class=\"u-expanded-width u-hover-feature u-image u-image-default lazyload u-image-2\" alt=\"\" data-image-width=\"1241\" data-image-height=\"811\" data-animation-name=\"customAnimationIn\" data-animation-duration=\"1500\" data-animation-delay=\"500\" data-src=\"https:\/\/www.nzzg.com.pl\/wp-content\/uploads\/2024\/09\/manifestacja.jpg\" loading=\"lazy\">\n              <h5 class=\"u-text u-text-default u-text-2\">Manifestacja w Warszawie<br>\n              <\/h5>\n              <p class=\"u-text u-text-default u-text-3\">14 lipca w Warszawie odby\u0142a si\u0119 manifestacja w obronie miejsc pracy.<br>\n              <\/p>\n              <a href=\"https:\/\/www.nzzg.com.pl\/index.php\/2023\/07\/28\/manifestacja-w-warszawie\/\" class=\"u-active-none u-border-5 u-border-active-palette-2-dark-1 u-border-hover-black u-border-no-left u-border-no-right u-border-no-top u-border-palette-1-base u-btn u-button-style u-hover-none u-none u-text-body-alt-color u-btn-1\">wi\u0119cej<\/a>\n            <\/div>\n          <\/div>\n          <div class=\"u-border-1 u-border-grey-75 u-container-style u-custom-color-2 u-list-item u-repeater-item u-shape-rectangle u-video-cover u-list-item-2\" data-animation-name=\"customAnimationIn\" data-animation-duration=\"1500\">\n            <div class=\"u-container-layout u-similar-container u-container-layout-3\">\n              <img class=\"u-expanded-width u-hover-feature u-image u-image-default lazyload u-image-3\" alt=\"\" data-image-width=\"1080\" data-image-height=\"810\" data-animation-name=\"customAnimationIn\" data-animation-duration=\"1500\" data-animation-delay=\"500\" data-src=\"https:\/\/www.nzzg.com.pl\/wp-content\/uploads\/2024\/09\/1-2.jpg\" loading=\"lazy\">\n              <h5 class=\"u-text u-text-default u-text-4\">Pomoc dla powodzian<br>\n              <\/h5>\n              <p class=\"u-text u-text-default u-text-5\">Kolega Marcin Niechwiej z dru\u017cyn\u0105 zorganizowa\u0142 pomoc dla poszkodowanych w powodzi<br>\n              <\/p>\n              <a href=\"https:\/\/www.nzzg.com.pl\/index.php\/2024\/09\/22\/pomoc-dla-powodzian-2024\/\" class=\"u-active-none u-border-5 u-border-active-palette-2-dark-1 u-border-hover-black u-border-no-left u-border-no-right u-border-no-top u-border-palette-1-base u-btn u-button-style u-hover-none u-none u-text-body-alt-color u-btn-2\">wi\u0119cej <\/a>\n            <\/div>\n          <\/div>\n          <div class=\"u-border-1 u-border-grey-75 u-container-align-center u-container-style u-custom-color-2 u-list-item u-repeater-item u-shape-rectangle u-video-cover u-list-item-3\" data-animation-name=\"customAnimationIn\" data-animation-duration=\"1500\">\n            <div class=\"u-container-layout u-similar-container u-container-layout-4\">\n              <img class=\"u-expanded-width u-hover-feature u-image u-image-default lazyload u-image-4\" alt=\"\" data-image-width=\"2560\" data-image-height=\"1183\" data-animation-name=\"customAnimationIn\" data-animation-duration=\"1500\" data-animation-delay=\"500\" data-src=\"https:\/\/www.nzzg.com.pl\/wp-content\/uploads\/2024\/09\/p4-scaled.jpg\" loading=\"lazy\">\n              <h5 class=\"u-text u-text-default u-text-6\">Turniej pi\u0142ki no\u017cnej <\/h5>\n              <p class=\"u-text u-text-default u-text-7\">Fotorelacja z dzisiejszego turnieju pi\u0142ki no\u017cnej dru\u017cyn \u017ce\u0144skiej I m\u0119skiej  \u200b.<\/p>\n              <a href=\"https:\/\/www.nzzg.com.pl\/index.php\/2024\/09\/29\/turniej-pilki-noznej\/\" class=\"u-active-none u-border-5 u-border-active-palette-2-dark-1 u-border-hover-black u-border-no-left u-border-no-right u-border-no-top u-border-palette-1-base u-btn u-button-style u-hover-none u-none u-text-body-alt-color u-btn-3\">wi\u0119cej<\/a>\n            <\/div>\n          <\/div>\n          <div class=\"u-border-1 u-border-grey-75 u-container-style u-custom-color-2 u-list-item u-repeater-item u-shape-rectangle u-video-cover u-list-item-4\" data-animation-name=\"customAnimationIn\" data-animation-duration=\"1500\" data-href=\"https:\/\/www.nzzg.com.pl\/index.php\/2025\/05\/23\/ogolne-zebranie-delegatow-nzzg-kwb-turow\/\">\n            <div class=\"u-container-layout u-similar-container u-container-layout-5\">\n              <img class=\"u-expanded-width u-hover-feature u-image u-image-default lazyload u-image-5\" alt=\"\" data-image-width=\"2560\" data-image-height=\"1441\" data-animation-name=\"customAnimationIn\" data-animation-duration=\"1500\" data-animation-delay=\"500\" data-src=\"https:\/\/www.nzzg.com.pl\/wp-content\/uploads\/2025\/05\/20250523_080354-scaled.jpg\" loading=\"lazy\">\n              <h5 class=\"u-text u-text-default u-text-8\">Og\u00f3lne Zebranie Delegat\u00f3w NZZG KWB Tur\u00f3w<\/h5>\n              <p class=\"u-text u-text-default u-text-9\">W dniu 23 maja 2025 roku odby\u0142o si\u0119...<\/p>\n              <a href=\"https:\/\/\/\" class=\"u-active-none u-border-5 u-border-active-palette-2-dark-1 u-border-hover-black u-border-no-left u-border-no-right u-border-no-top u-border-palette-1-base u-btn u-button-style u-hover-none u-none u-text-body-alt-color u-btn-4\">wi\u0119cej<\/a>\n            <\/div>\n          <\/div>\n          <div class=\"u-border-1 u-border-grey-75 u-container-style u-custom-color-2 u-list-item u-repeater-item u-shape-rectangle u-video-cover u-list-item-5\" data-animation-name=\"customAnimationIn\" data-animation-duration=\"1500\">\n            <div class=\"u-container-layout u-similar-container u-container-layout-6\">\n              <img class=\"u-expanded-width u-hover-feature u-image u-image-default lazyload u-image-6\" alt=\"\" data-image-width=\"925\" data-image-height=\"540\" data-animation-name=\"customAnimationIn\" data-animation-duration=\"1500\" data-animation-delay=\"500\" data-src=\"https:\/\/www.nzzg.com.pl\/wp-content\/uploads\/2025\/06\/turniej-2025-2.jpg\" loading=\"lazy\">\n              <h5 class=\"u-text u-text-default u-text-10\">I Turniej Pi\u0142karski<\/h5>\n              <p class=\"u-text u-text-default u-text-11\">30 maja 2025r, odby\u0142 si\u0119 I Turniej Pi\u0142karski o Puchar Przewodnicz\u0105cego FZZGWB<\/p>\n              <a href=\"https:\/\/www.nzzg.com.pl\/index.php\/2025\/06\/05\/i-turniej-pilkarski-o-puchar-przewodniczacego-fzzgwb\/\" class=\"u-active-none u-border-5 u-border-active-palette-2-dark-1 u-border-hover-black u-border-no-left u-border-no-right u-border-no-top u-border-palette-1-base u-btn u-button-style u-hover-none u-none u-text-body-alt-color u-btn-5\">wi\u0119cej<\/a>\n            <\/div>\n          <\/div>\n          <div class=\"u-border-1 u-border-grey-75 u-container-align-center u-container-style u-custom-color-2 u-list-item u-repeater-item u-shape-rectangle u-video-cover u-list-item-6\" data-animation-name=\"customAnimationIn\" data-animation-duration=\"1500\">\n            <div class=\"u-container-layout u-similar-container u-container-layout-7\">\n              <img class=\"u-expanded-width u-hover-feature u-image u-image-default lazyload u-image-7\" alt=\"\" data-image-width=\"1140\" data-image-height=\"735\" data-animation-name=\"customAnimationIn\" data-animation-duration=\"1500\" data-animation-delay=\"500\" data-src=\"https:\/\/www.nzzg.com.pl\/wp-content\/uploads\/2024\/09\/11.jpg?rand=83f6\" loading=\"lazy\">\n              <h5 class=\"u-text u-text-default u-text-12\">Przyk\u0142adowy nag\u0142\u00f3wek<\/h5>\n              <p class=\"u-text u-text-default u-text-13\">Przyk\u0142adowy tekst. Lorem ipsum dolor sit amet, consectetur adipiscing elit nullam nunc justo sagittis suscipit ultrices.<\/p>\n              <a href=\"https:\/\/\/\" class=\"u-active-none u-border-5 u-border-active-palette-2-dark-1 u-border-hover-black u-border-no-left u-border-no-right u-border-no-top u-border-palette-1-base u-btn u-button-style u-hover-none u-none u-text-body-alt-color u-btn-6\">Link<\/a>\n            <\/div>\n          <\/div>\n          <div class=\"u-border-1 u-border-grey-75 u-container-style u-custom-color-2 u-list-item u-repeater-item u-shape-rectangle u-video-cover u-list-item-7\" data-animation-name=\"customAnimationIn\" data-animation-duration=\"1500\">\n            <div class=\"u-container-layout u-similar-container u-container-layout-8\">\n              <img class=\"u-expanded-width u-hover-feature u-image u-image-default lazyload u-image-8\" alt=\"\" data-image-width=\"1140\" data-image-height=\"735\" data-animation-name=\"customAnimationIn\" data-animation-duration=\"1500\" data-animation-delay=\"500\" data-src=\"https:\/\/www.nzzg.com.pl\/wp-content\/uploads\/2024\/09\/11.jpg?rand=5101\" loading=\"lazy\">\n              <h5 class=\"u-text u-text-default u-text-14\">Przyk\u0142adowy nag\u0142\u00f3wek<\/h5>\n              <p class=\"u-text u-text-default u-text-15\">Przyk\u0142adowy tekst. Lorem ipsum dolor sit amet, consectetur adipiscing elit nullam nunc justo sagittis suscipit ultrices.<\/p>\n              <a href=\"https:\/\/\/\" class=\"u-active-none u-border-5 u-border-active-palette-2-dark-1 u-border-hover-black u-border-no-left u-border-no-right u-border-no-top u-border-palette-1-base u-btn u-button-style u-hover-none u-none u-text-body-alt-color u-btn-7\">Link<\/a>\n            <\/div>\n          <\/div>\n          <div class=\"u-border-1 u-border-grey-75 u-container-style u-custom-color-2 u-list-item u-repeater-item u-shape-rectangle u-video-cover u-list-item-8\" data-animation-name=\"customAnimationIn\" data-animation-duration=\"1500\">\n            <div class=\"u-container-layout u-similar-container u-container-layout-9\">\n              <img class=\"u-expanded-width u-hover-feature u-image u-image-default lazyload u-image-9\" alt=\"\" data-image-width=\"1140\" data-image-height=\"735\" data-animation-name=\"customAnimationIn\" data-animation-duration=\"1500\" data-animation-delay=\"500\" data-src=\"https:\/\/www.nzzg.com.pl\/wp-content\/uploads\/2024\/09\/10.jpg\" loading=\"lazy\">\n              <h5 class=\"u-text u-text-default u-text-16\">Przyk\u0142adowy nag\u0142\u00f3wek<\/h5>\n              <p class=\"u-text u-text-default u-text-17\">Przyk\u0142adowy tekst. Lorem ipsum dolor sit amet, consectetur adipiscing elit nullam nunc justo sagittis suscipit ultrices.<\/p>\n              <a href=\"https:\/\/\/\" class=\"u-active-none u-border-5 u-border-active-palette-2-dark-1 u-border-hover-black u-border-no-left u-border-no-right u-border-no-top u-border-palette-1-base u-btn u-button-style u-hover-none u-none u-text-body-alt-color u-btn-8\">Link<\/a>\n            <\/div>\n          <\/div>\n          <div class=\"u-border-1 u-border-grey-75 u-container-align-center u-container-style u-custom-color-2 u-list-item u-repeater-item u-shape-rectangle u-video-cover u-list-item-9\" data-animation-name=\"customAnimationIn\" data-animation-duration=\"1500\">\n            <div class=\"u-container-layout u-similar-container u-container-layout-10\">\n              <img class=\"u-expanded-width u-hover-feature u-image u-image-default lazyload u-image-10\" alt=\"\" data-image-width=\"1140\" data-image-height=\"723\" data-animation-name=\"customAnimationIn\" data-animation-duration=\"1500\" data-animation-delay=\"500\" data-src=\"https:\/\/www.nzzg.com.pl\/wp-content\/uploads\/2024\/09\/7.jpg\" loading=\"lazy\">\n              <h5 class=\"u-text u-text-default u-text-18\">Przyk\u0142adowy nag\u0142\u00f3wek<\/h5>\n              <p class=\"u-text u-text-default u-text-19\">Przyk\u0142adowy tekst. Lorem ipsum dolor sit amet, consectetur adipiscing elit nullam nunc justo sagittis suscipit ultrices.<\/p>\n              <a href=\"https:\/\/\/\" class=\"u-active-none u-border-5 u-border-active-palette-2-dark-1 u-border-hover-black u-border-no-left u-border-no-right u-border-no-top u-border-palette-1-base u-btn u-button-style u-hover-none u-none u-text-body-alt-color u-btn-9\">Link<\/a>\n            <\/div>\n          <\/div>\n        <\/div>\n      <\/div>\n      \n      \n      \n      \n      \n      \n      \n      \n      \n    <\/section>\n    \n    \n    \n  \n","protected":false},"excerpt":{"rendered":"<p>GALERIA Manifestacja w Warszawie 14 lipca w Warszawie odby\u0142a si\u0119 manifestacja w obronie miejsc pracy. wi\u0119cej Pomoc dla powodzian Kolega Marcin Niechwiej z dru\u017cyn\u0105 zorganizowa\u0142 pomoc dla poszkodowanych w powodzi wi\u0119cej Turniej pi\u0142ki no\u017cnej Fotorelacja z dzisiejszego turnieju pi\u0142ki no\u017cnej dru\u017cyn \u017ce\u0144skiej I m\u0119skiej \u200b. wi\u0119cej Og\u00f3lne Zebranie Delegat\u00f3w NZZG KWB Tur\u00f3w W dniu 23 &hellip; <a href=\"https:\/\/www.nzzg.com.pl\/index.php\/galeria\/\" class=\"more-link\">Continue reading<span class=\"screen-reader-text\"> &#8222;GALERIA&#8221;<\/span><\/a><\/p>\n","protected":false},"author":1,"featured_media":0,"parent":0,"menu_order":5,"comment_status":"closed","ping_status":"closed","template":"","meta":{"ngg_post_thumbnail":0,"footnotes":""},"class_list":["post-41","page","type-page","status-publish","hentry"],"_links":{"self":[{"href":"https:\/\/www.nzzg.com.pl\/index.php\/wp-json\/wp\/v2\/pages\/41","targetHints":{"allow":["GET"]}}],"collection":[{"href":"https:\/\/www.nzzg.com.pl\/index.php\/wp-json\/wp\/v2\/pages"}],"about":[{"href":"https:\/\/www.nzzg.com.pl\/index.php\/wp-json\/wp\/v2\/types\/page"}],"author":[{"embeddable":true,"href":"https:\/\/www.nzzg.com.pl\/index.php\/wp-json\/wp\/v2\/users\/1"}],"replies":[{"embeddable":true,"href":"https:\/\/www.nzzg.com.pl\/index.php\/wp-json\/wp\/v2\/comments?post=41"}],"version-history":[{"count":12,"href":"https:\/\/www.nzzg.com.pl\/index.php\/wp-json\/wp\/v2\/pages\/41\/revisions"}],"predecessor-version":[{"id":495,"href":"https:\/\/www.nzzg.com.pl\/index.php\/wp-json\/wp\/v2\/pages\/41\/revisions\/495"}],"wp:attachment":[{"href":"https:\/\/www.nzzg.com.pl\/index.php\/wp-json\/wp\/v2\/media?parent=41"}],"curies":[{"name":"wp","href":"https:\/\/api.w.org\/{rel}","templated":true}]}}